*o**2 - 6*o - 1. Determine n(k).
-8
Suppose 13 - 2 = -3*v - 4*g, -2*g - 16 = -2*v. Let y(d) = 4*d**v - 3*d**2 + 4 - 5*d**3 + 2*d**3 - 2*d. Determine y(3).
-2
Let z(r) = -r**3 + r**2 - r - 1. Let o = 6 - 10. Let s(j) = -5*j**3 + 12*j**2 - 4*j. Let c(t) = o*z(t) + s(t). Determine c(8).
4
Let a(d) = -d + 72. Let y(v) = 2*v - 205. Let s(m) = -8*a(m) - 3*y(m). Calculate s(-17).
5
Let k(j) = 22*j**3 - 4*j**2 + j - 4. Let c(v) = -67*v**3 + 11*v**2 - 3*v + 11. Let f(b) = 3*c(b) + 8*k(b). Determine f(1).
-24
Let p = 10 + 23. Let s = p - 26. Let n(l) = -l**2 + 8*l - 5. Let i be n(s). Let c(d) = 3*d**2 - d - 1. Determine c(i).
9
Let u(k) = k**3 - 5*k**2 + k - 2. Let o be u(5). Let d(r) = -r + r + r**2 + o*r - 2*r + 4. Let v(n) = n - 3. Let m be v(3). Give d(m).
4
Let s(t) = -6*t**3 - 4*t**2 + 2*t + 1. Let y(a) = 7*a**3 + 4*a**2 - a - 1. Let n(i) = -6*s(i) - 5*y(i). What is n(-5)?
9
Let w(l) be the first derivative of l**3/3 - 6*l**2 + 5*l - 134. Calculate w(12).
5
Suppose 0 = 3*m - 2*h - 37, -3*h + 2 = 3*m + 2*h. Suppose 17 + 4 = 3*l + 4*q, 3*q - m = 0. Let i(f) = f**2 - 2*f + 4. Give i(l).
7
Let g be 232/4*(2 + -1). Suppose 5*b + 38 - g = 0. Let h(l) = -4*l**3 - l**2 + 3*l - 5. Let x(w) = -3*w**3 + 4*w - 4. Let y(p) = 2*h(p) - 3*x(p). What is y(b)?
10
Let s = -137 + 193. Let t = -57 + s. Let x(m) = -m + 2*m - 4*m. What is x(t)?
3
Suppose 16*k + 30 = 6*k. Let d(h) = -h**3 - 4*h**2 - 4. Calculate d(k).
-13
Let j(r) be the second derivative of r**5/60 + 7*r**4/24 + r**3/3 - 4*r**2 + 8*r. Let h(l) be the first derivative of j(l). Calculate h(-6).
-4
Let t(a) = 4*a**2 + 4*a - 6. Let j be 2 + 21/6 + 9/18. Let s(n) = 5*n**2 + 5*n - 7. Let f(y) = j*t(y) - 5*s(y). Calculate f(-1).
-1
Let w = -239 - -249. Let s(f) = -f + 14. Calculate s(w).
4
Let h(q) = -3*q**2 + 17*q - 39. Let l(w) = -w**2 + 9*w - 20. Let d(p) = 2*h(p) - 5*l(p). Calculate d(-12).
10
Let b(m) = 19 - 5*m - 12 + m + 2*m. Let l be b(5). Let d be (l/(-2))/((-1)/(-2)). Let s(u) = -u**3 + 2*u**2 + 3*u - 3. Calculate s(d).
-3
Let r(g) = -46*g + 67. Let k be r(1). Let b(z) = z**2 - 19*z - 48. Determine b(k).
-6
Let u(i) = i - 21. Let z be (-4)/32 - (23/8 + -3). Determine u(z).
-21
Let o(v) = -v**3 - 9*v**2 - 10*v - 15. Let z be o(-8). Let j(l) = 38*l - z - 39*l + 4 - 1. Give j(-4).
6
Let q(u) = -u**3 - 5*u**2 + u + 3. Suppose 26 = -5*z - 19. Let o(w) = -w - 1. Let y(f) = 3*f - 10. Let a(p) = 4*o(p) + y(p). Let t be a(z). Determine q(t).
-2
Let n = -9 + 25. Let h be n/(-12)*3/(-2). Suppose h*a = -3*a + 35. Let d(v) = -2*v + 10. Give d(a).
-4
Suppose r - 2*n - 14 - 4 = 0, 0 = 5*r + 4*n - 20. Let b(y) = -y. Let m(h) = -3*h + 7. Let t(w) = -2*b(w) + m(w). Give t(r).
-1
Let c(i) = 12*i + i**3 + 76 - 86 - 10*i**2 - 18*i. Give c(11).
45
Suppose -3*l + 21 = l - q, -2*l - 7 = 3*q. Suppose 3*m + 41 = -l. Let u = m - -9. Let r(c) = c**2 + 5*c - 8. Determine r(u).
-2
Suppose 0*t + 16 = -4*t. Let o be t/(-10)*-1*-5. Let r(z) = 0*z**2 - 4*z**2 - z**3 + 4*z**2 - o*z + 2 - 3*z**2. Determine r(-3).
8
Suppose -34*o - 23 = -57. Let f(q) = -24*q - 1. Calculate f(o).
-25
Let c(d) = 2*d**2 + 8*d - 5. Suppose 135*x = 130*x - 35. What is c(x)?
37
Suppose -5*j + 4 = 4*v + 5, 5*v = 2*j - 26. Let m(b) = 2*b**3 + b**2 - 4*b - 9. Let u(a) = -a**3 - a**2 + 2*a + 4. Let w(z) = -3*m(z) - 7*u(z). Determine w(v).
7
Let o(h) = -2*h + 3. Let g(r) = 3*r - 15. Let y(w) = -g(w) - 2*o(w). Determine y(-13).
-4
Let r(y) = y - 18. Suppose -22*q - 349 = -19. Calculate r(q).
-33
Let t(j) = 44*j - 140*j + 57*j + 29 + 41*j. Determine t(-18).
-7
Let h(t) = 9*t**2 - 12*t + 6. Let c(w) = -29*w**2 + 38*w - 20. Let j(v) = -4*c(v) - 13*h(v). Give j(6).
-10
Suppose 2*m + 4*g = 16, 2*g - 7 = -2*m + g. Let y(t) = -t**3 - 2*t**m + 2*t + 13*t**2 - 3 - 11*t**2. What is y(2)?
-7
Let l(c) be the second derivative of -2*c**2 - c + 0 - 1/6*c**3 - 1/12*c**4. Suppose 0 = 14*f - 5*f + 22*f. Give l(f).
-4
Let f(c) = -3*c**3 - 6*c**2 + 2*c**3 + 11*c - c**2 - c - 18*c + 5. Determine f(-6).
17
Suppose b + 6 = -3*y, 0 = -5*b - y - 4*y - 40. Let z(x) = -x**3 - 10*x**2 - 8*x + 11. Let q be z(b). Let d(u) = -u**3 + 2*u**2 - 3*u + 1. Give d(q).
-5
Let l(k) = -k**3 + 4*k**2 - 3*k. Let g = 174 - 101. Let m = g + -70. Give l(m).
0
Let d = 2 + 12. Suppose r + d = 4*q - 2*r, -q + r + 4 = 0. Let w(z) = z**3 - 3*z**2 + 3*z - 2. What is w(q)?
0
Let r(b) be the first derivative of -13*b**2 + b - 57. Determine r(-1).
27
Let d(o) = -5*o**2 - o - 2 - o**3 - 2 - 3*o**2. Suppose 3*x + 27*p = 31*p - 24, -5*p - 16 = 2*x. Determine d(x).
4
Let j(h) = 4*h**2 + 5*h + 3. Let i(z) = -5*z**2 - 6*z - 4. Let b(f) = 2*i(f) + 3*j(f). Suppose 4*r + k - 8 = 0, 3*r - 3*k = 4 + 17. What is b(r)?
28
Suppose 7 = 4*o - 1. Let z(s) be the first derivative of 3*s**2 - 2*s + 723. What is z(o)?
10
Let q = -12 + 11. Let o be -6*2/(q + 7). Let v be o + ((-4)/1 - -1). Let x(y) = -y**3 - 4*y**2 + 5*y. Determine x(v).
0
Let r(p) be the second derivative of -p**3/3 - p**2/2 + p. Let a = 447 + -449. Determine r(a).
3
Let a(s) be the third derivative of -s**5/60 + s**3/3 - 587*s**2. What is a(-1)?
1
Let b(q) be the first derivative of q**3/3 + 5*q**2/2 + 2*q + 1. Suppose 2*f - f = 0. Suppose f = 2*z + 7 + 3. Give b(z).
2
Let k = -2 - 1. Let g(n) = -n**3 - n**2 + 2. Let d(l) = -2*l**3 - 3*l**2 + 1. Let j(b) = -2*d(b) + 3*g(b). Calculate j(k).
4
Let i(k) be the second derivative of -k**3 + k**2/2 - 2*k. Let x(q) = -6 - 1 - 5*q - 14. Let d be x(-4). Give i(d).
7
Let z(a) be the first derivative of 6*a - 1/2*a**2 + 20. Give z(6).
0
Let u be 1497/21 + (-6)/21. Let i = u - 70. Let p(r) = -19*r - 1. What is p(i)?
-20
Let p(f) = -f**2 + 5*f - 4. Suppose 38 = -a + 43. Give p(a).
-4
Suppose -2*j = -2*o + 12, 0 = o - 5*j + 7 - 5. Suppose 5*w + 23 = -4*f, -f - o*w - 17 = -3*w. Let h(d) = 2*d**2 + d. Calculate h(f).
6
Let t(f) be the first derivative of -f**4/4 + f**3/6 - 4*f**2 - 10. Let o(n) be the second derivative of t(n). Give o(1).
-5
Let p(q) = -2*q - 3. Let k(x) = 3*x + 3. Let m(d) = 6*k(d) + 7*p(d). Suppose 3*y = 2*y. Suppose -t - 4*t - 3*h + 10 = y, 2*h + 2 = t. Calculate m(t).
5
Let r(x) = x**3 - 3*x + 6. Let a be r(0). Let n(t) = t**3 - 5*t**2 - 7*t. Calculate n(a).
-6
Let z(j) = j**2 + 8*j - 13. Let b be ((-528)/(-26))/11 - (-2)/13. Give z(b).
7
Let q(v) be the third derivative of -v**6/360 - v**5/20 - 5*v**4/24 - 5*v**3/2 + 2*v**2. Let j(y) be the first derivative of q(y). Determine j(-5).
0
Let b(v) = -2*v**2 + 2*v - 1. Let s = 23 + -25. What is b(s)?
-13
Let p(a) = 9*a**3 + 5*a. Let o(u) = -2*u**3 + u**2 - 1. Let t(s) = 5*o(s) + p(s). Determine t(5).
20
Let p(l) be the second derivative of l**4/6 - l**3/2 + l**2/2 + 4*l. Let o be (3 - 8)*2*-1. Let i = 12 - o. Determine p(i).
3
Let n(l) = 6*l + 44. Let k = -994 - -987. Determine n(k).
2
Let b(x) be the first derivative of -x**7/840 + x**6/180 - x**5/60 + x**4/24 + 2*x**3/3 - 4. Let n(f) be the third derivative of b(f). What is n(1)?
0
Let m(b) = -4*b**3 - 8*b**2 + 3*b + 8. Let t(x) = 9*x**3 + 17*x**2 - 7*x - 17. Let u(i) = 7*m(i) + 3*t(i). Suppose 47*c + 29 = -206. Give u(c).
5
Let d(a) = -22*a**2 - 3*a + 2. Let u(t) = -4 + 11*t**2 + 26*t + 3 - 25*t. Let h(k) = 2*d(k) + 5*u(k). Calculate h(-1).
11
Let q = 1 - 6. Let r(v) = -7*v + 33. Let l(z) = -3*z + 16. Let b(g) = q*l(g) + 2*r(g). Calculate b(0).
-14
Suppose 0 = 2*p - 0*p - 5*f + 9, 0 = -4*f + 12. Let j be 3 + 0*p/(-6). Let u(t) = -3*t - 3*t + j*t + 12 + 4*t. Determine u(-5).
7
Let q be 12/(-3) + 15/3. Let l(f) be the third derivative of -f**6/15 + f**5/60 - f**4/24 + f**3/6 - 27*f**2. Calculate l(q).
-7
Let h(q) = -q**2 + 14*q + 4. Let t be h(14). Let p(a) = 6 - 4*a - 8*a - 7*a - a + 13*a. Determine p(t).
-22
Suppose 0 = 5*g - 140 - 115. Let b(j) = g*j**2 - 3 + 5 + 9 - 50*j**2 - 11*j. Calculate b(11).
11
Let b(y) = y**3 + 6*y**2. Suppose 4*d + 7 = 2*i - 3, 5*i + 5*d + 50 = 0. What is b(i)?
25
Suppose -s = -3*s - 14. Let z(b) = -5*b - 2 + 3 + b**2 + 2 - 2*b**2. Give z(s).
-11
Let h(k) be the second derivative of -k**5/20 + 7*k**4/12 - 2*k**3/3 + 3*k**2 + 19*k. Determine h(7).
-22
Suppose 0 = g + 3*t - t - 10, -g - 2 = -t. Let c(x) = 1 + x**2 - x**g - 3*x**2 + x**3. Let u(i) = i**3 - 9*i**2 + 23*i - 12. Let v be u(5). Calculate c(v).
1
Let t(i) = i**3 - i**2 - i + 1. Let g(w) = -3*w**3 - w**2 + w + 1. Suppose 0 = 